{"id":18,"date":"2020-10-23T11:59:45","date_gmt":"2020-10-23T11:59:45","guid":{"rendered":"https:\/\/xn--suveniiridemjatejatootjateliit-gfda.ee\/?page_id=18"},"modified":"2021-12-28T13:06:06","modified_gmt":"2021-12-28T13:06:06","slug":"the-new-umoma-opens-its-doors-2","status":"publish","type":"page","link":"https:\/\/xn--suveniiridemjatejatootjateliit-gfda.ee\/","title":{"rendered":"Suveniiride M\u00fc\u00fcjate ja Tootjate Liit MT\u00dc (l\u00fchend SMTL)"},"content":{"rendered":"\n<div class=\"wp-block-group alignwide\"><div class=\"wp-block-group__inner-container is-layout-flow wp-block-group-is-layout-flow\">\n<h3 class=\"has-text-align-center wp-block-heading\">SMTL on kutsutud ellu, et kaitsta oma liikmete huve. Oma eesm\u00e4rkide saavutamiseks soovib SMTL teha koost\u00f6\u00f6d k\u00f5igiga.<\/h3>\n\n\n\n<hr class=\"wp-block-separator\"\/>\n\n\n\n<h2 class=\"alignfull has-text-align-center wp-block-heading\"> <em><span class=\"has-inline-color has-accent-color\">SMTL-i kuulub 01.01.22 seisuga 507 liiget.<\/span><\/em> <\/h2>\n\n\n\n<hr class=\"wp-block-separator\"\/>\n\n\n\n<h4 class=\"alignfull has-text-align-center wp-block-heading\"> 10.12.2021 SMTL esindajad kohtusid Tallinna Linnapea Mihhail K\u00f5lvartiga<\/h4>\n\n\n\n<hr class=\"wp-block-separator\"\/>\n\n\n\n<h4 class=\"alignfull has-text-align-center wp-block-heading\">19.09.2021 Suveniiriliit v\u00f5eti Vanalinna Ettev\u00f5tjate \u00dchingu liikmeks<\/h4>\n\n\n\n<hr class=\"wp-block-separator\"\/>\n\n\n\n<h4 class=\"alignfull has-text-align-center wp-block-heading\">18.08.2021 SMTL esindajad kohtusid Tallinna Abilinnapea Aivar Riisaluga<\/h4>\n\n\n\n<div data-wp-interactive=\"core\/file\" class=\"wp-block-file\"><object data-wp-bind--hidden=\"!state.hasPdfPreview\" hidden class=\"wp-block-file__embed\" data=\"https:\/\/xn--suveniiridemjatejatootjateliit-gfda.ee\/wp-content\/uploads\/2021\/12\/Suveniiriliit-1.pdf\" type=\"application\/pdf\" style=\"width:100%;height:200px\" aria-label=\"Lisa Embed of Suveniiriliit-1..\"><\/object><a href=\"https:\/\/xn--suveniiridemjatejatootjateliit-gfda.ee\/wp-content\/uploads\/2021\/12\/Suveniiriliit-1.pdf\">Suveniiriliit-1<\/a><a href=\"https:\/\/xn--suveniiridemjatejatootjateliit-gfda.ee\/wp-content\/uploads\/2021\/12\/Suveniiriliit-1.pdf\" class=\"wp-block-file__button\" download>Laadi alla<\/a><\/div>\n\n\n\n<hr class=\"wp-block-separator\"\/>\n\n\n\n<h4 class=\"alignfull has-text-align-center wp-block-heading\">8.08.2021 SMTL esindajad kohtusid Ettev\u00f5tlus- ja infotehnoloogiaminister Andres Suttiga<\/h4>\n\n\n\n<div data-wp-interactive=\"core\/file\" class=\"wp-block-file\"><object data-wp-bind--hidden=\"!state.hasPdfPreview\" hidden class=\"wp-block-file__embed\" data=\"https:\/\/xn--suveniiridemjatejatootjateliit-gfda.ee\/wp-content\/uploads\/2021\/12\/Kohtumne-18.08-Suiveniiriliiduga-KOKKUVOTE.pdf\" type=\"application\/pdf\" style=\"width:100%;height:200px\" aria-label=\"Lisa Embed of Kohtumne-18.08-Suiveniiriliiduga-KOKKUVOTE..\"><\/object><a href=\"https:\/\/xn--suveniiridemjatejatootjateliit-gfda.ee\/wp-content\/uploads\/2021\/12\/Kohtumne-18.08-Suiveniiriliiduga-KOKKUVOTE.pdf\">Kohtumne-18.08-Suiveniiriliiduga-KOKKUVOTE<\/a><a href=\"https:\/\/xn--suveniiridemjatejatootjateliit-gfda.ee\/wp-content\/uploads\/2021\/12\/Kohtumne-18.08-Suiveniiriliiduga-KOKKUVOTE.pdf\" class=\"wp-block-file__button\" download>Laadi alla<\/a><\/div>\n\n\n\n<hr class=\"wp-block-separator\"\/>\n\n\n\n<h3 class=\"alignfull has-text-align-center wp-block-heading\">SMTL astus EVEA liikmeks<\/h3>\n\n\n\n<div class=\"wp-block-file\"><a href=\"https:\/\/xn--suveniiridemjatejatootjateliit-gfda.ee\/wp-content\/uploads\/2021\/12\/Avaldus-Kollektiivliige-2020-MK.docx\">Avaldus-Kollektiivliige-2020-MK<\/a><a href=\"https:\/\/xn--suveniiridemjatejatootjateliit-gfda.ee\/wp-content\/uploads\/2021\/12\/Avaldus-Kollektiivliige-2020-MK.docx\" class=\"wp-block-file__button\" download>Laadi alla<\/a><\/div>\n\n\n\n<hr class=\"wp-block-separator\"\/>\n\n\n\n<h5 class=\"wp-block-heading\">Suveniiri\/k\u00e4sit\u00f6\u00f6tootjad ja -m\u00fc\u00fcjad vajavad kiiresti reaalset kriisituge!<\/h5>\n\n\n\n<div class=\"wp-block-file\"><a href=\"https:\/\/xn--suveniiridemjatejatootjateliit-gfda.ee\/wp-content\/uploads\/2021\/04\/SMTL-kiri-01404.04.21.pdf\">SMTL-kiri-01404.04.21<\/a><a href=\"https:\/\/xn--suveniiridemjatejatootjateliit-gfda.ee\/wp-content\/uploads\/2021\/04\/SMTL-kiri-01404.04.21.pdf\" class=\"wp-block-file__button\" download>Laadi alla<\/a><\/div>\n\n\n\n<hr class=\"wp-block-separator\"\/>\n\n\n\n<h5 class=\"wp-block-heading\">SMTL saatis Vabariigi Valitsusele selgitustaotluse k\u00fcsimusega miks lubatud COVID-19 m\u00f5jude leevendamise toetused venivad ja tegi ettepaneku need kiiremas korras kinnitada , et v\u00e4ikeetev\u00f5ttetel oleks v\u00f5imalik abi saada.<\/h5>\n\n\n\n<div class=\"wp-block-file\"><a href=\"https:\/\/xn--suveniiridemjatejatootjateliit-gfda.ee\/wp-content\/uploads\/2021\/03\/SMTL-13.4.03.21.pdf\">SMTL-13.4.03.21<\/a><a href=\"https:\/\/xn--suveniiridemjatejatootjateliit-gfda.ee\/wp-content\/uploads\/2021\/03\/SMTL-13.4.03.21.pdf\" class=\"wp-block-file__button\" download>Laadi alla<\/a><\/div>\n\n\n\n<figure class=\"wp-block-image size-large is-resized\"><img loading=\"lazy\" decoding=\"async\" src=\"https:\/\/xn--suveniiridemjatejatootjateliit-gfda.ee\/wp-content\/uploads\/2020\/12\/30.12.png\" alt=\"\" class=\"wp-image-427\" width=\"605\" height=\"559\" srcset=\"https:\/\/xn--suveniiridemjatejatootjateliit-gfda.ee\/wp-content\/uploads\/2020\/12\/30.12.png 942w, https:\/\/xn--suveniiridemjatejatootjateliit-gfda.ee\/wp-content\/uploads\/2020\/12\/30.12-300x277.png 300w, https:\/\/xn--suveniiridemjatejatootjateliit-gfda.ee\/wp-content\/uploads\/2020\/12\/30.12-768x709.png 768w\" sizes=\"auto, (max-width: 605px) 100vw, 605px\" \/><\/figure>\n\n\n\n<h4 class=\"wp-block-heading\">30.12.2020. SMTL hinnangul on Vabariigi Valitsuse otsustega rikutud p\u00f5hiseadust ning kahjustatud SMTL liikmete huve.<\/h4>\n\n\n\n<div class=\"wp-block-file\"><a href=\"https:\/\/xn--suveniiridemjatejatootjateliit-gfda.ee\/wp-content\/uploads\/2020\/12\/SMTL-Avaldus-oiguskantslerile-30.12.20.pdf\">SMTL-Avaldus-oiguskantslerile-30.12.20<\/a><a href=\"https:\/\/xn--suveniiridemjatejatootjateliit-gfda.ee\/wp-content\/uploads\/2020\/12\/SMTL-Avaldus-oiguskantslerile-30.12.20.pdf\" class=\"wp-block-file__button\" download>Laadi alla<\/a><\/div>\n\n\n\n<figure class=\"wp-block-image size-large is-resized\"><img loading=\"lazy\" decoding=\"async\" src=\"https:\/\/xn--suveniiridemjatejatootjateliit-gfda.ee\/wp-content\/uploads\/2020\/12\/18.11-7.png\" alt=\"\" class=\"wp-image-312\" width=\"606\" height=\"559\" srcset=\"https:\/\/xn--suveniiridemjatejatootjateliit-gfda.ee\/wp-content\/uploads\/2020\/12\/18.11-7.png 942w, https:\/\/xn--suveniiridemjatejatootjateliit-gfda.ee\/wp-content\/uploads\/2020\/12\/18.11-7-300x277.png 300w, https:\/\/xn--suveniiridemjatejatootjateliit-gfda.ee\/wp-content\/uploads\/2020\/12\/18.11-7-768x709.png 768w\" sizes=\"auto, (max-width: 606px) 100vw, 606px\" \/><\/figure>\n\n\n\n<h3 class=\"wp-block-heading\"><strong>18.11.2020. SMTL teeb valdkonna elluj\u00e4\u00e4miseks\/toetamiseks lisatud ettepanekud<\/strong>: <\/h3>\n\n\n\n<div class=\"wp-block-file aligncenter\"><a href=\"https:\/\/xn--suveniiridemjatejatootjateliit-gfda.ee\/wp-content\/uploads\/2020\/12\/SMTL-kiri-RK.MK_.MKM_.pdf\">SMTL-kiri-RK.MK_.MKM_<\/a><a href=\"https:\/\/xn--suveniiridemjatejatootjateliit-gfda.ee\/wp-content\/uploads\/2020\/12\/SMTL-kiri-RK.MK_.MKM_.pdf\" class=\"wp-block-file__button\" download>Download<\/a><\/div>\n\n\n\n<div class=\"wp-block-group\"><div class=\"wp-block-group__inner-container is-layout-flow wp-block-group-is-layout-flow\">\n<div class=\"wp-block-group\"><div class=\"wp-block-group__inner-container is-layout-flow wp-block-group-is-layout-flow\">\n<div class=\"wp-block-group has-accent-color has-text-color\"><div class=\"wp-block-group__inner-container is-layout-flow wp-block-group-is-layout-flow\"><\/div><\/div>\n<\/div><\/div>\n\n\n\n<p><\/p>\n<\/div><\/div>\n<\/div><\/div>\n\n\n\n<div class=\"wp-block-columns alignwide is-layout-flex wp-container-core-columns-is-layout-9d6595d7 wp-block-columns-is-layout-flex\">\n<div class=\"wp-block-column is-layout-flow wp-block-column-is-layout-flow\">\n<div class=\"wp-block-group\"><div class=\"wp-block-group__inner-container is-layout-flow wp-block-group-is-layout-flow\">\n<figure class=\"wp-block-image alignfull size-large\"><img loading=\"lazy\" decoding=\"async\" width=\"942\" height=\"870\" src=\"https:\/\/xn--suveniiridemjatejatootjateliit-gfda.ee\/wp-content\/uploads\/2020\/10\/23.10.png\" alt=\"\" class=\"wp-image-53\" srcset=\"https:\/\/xn--suveniiridemjatejatootjateliit-gfda.ee\/wp-content\/uploads\/2020\/10\/23.10.png 942w, https:\/\/xn--suveniiridemjatejatootjateliit-gfda.ee\/wp-content\/uploads\/2020\/10\/23.10-300x277.png 300w, https:\/\/xn--suveniiridemjatejatootjateliit-gfda.ee\/wp-content\/uploads\/2020\/10\/23.10-768x709.png 768w\" sizes=\"auto, (max-width: 942px) 100vw, 942px\" \/><\/figure>\n\n\n\n<h3 class=\"wp-block-heading\"><strong>23.10.2020 registreeriti Eesti Suveniiride M\u00fc\u00fcjate ja Tootjate Liit<\/strong><\/h3>\n\n\n\n<div class=\"wp-block-buttons is-layout-flex wp-block-buttons-is-layout-flex\">\n<div class=\"wp-block-button is-style-outline is-style-outline--1\"><a class=\"wp-block-button__link\" href=\"http:\/\/www.suveniirid.ee\/index.php?page=70&amp;action=article&amp;article_id=121\" style=\"border-radius:10px\" target=\"_blank\" rel=\"noreferrer noopener\">Loe l\u00e4hemalt<\/a><\/div>\n<\/div>\n\n\n\n<p>23.10.2020<\/p>\n<\/div><\/div>\n\n\n\n<div class=\"wp-block-group\"><div class=\"wp-block-group__inner-container is-layout-flow wp-block-group-is-layout-flow\">\n<figure class=\"wp-block-image alignfull size-large\"><img loading=\"lazy\" decoding=\"async\" width=\"942\" height=\"870\" src=\"https:\/\/xn--suveniiridemjatejatootjateliit-gfda.ee\/wp-content\/uploads\/2020\/10\/01.08.png\" alt=\"\" class=\"wp-image-84\" srcset=\"https:\/\/xn--suveniiridemjatejatootjateliit-gfda.ee\/wp-content\/uploads\/2020\/10\/01.08.png 942w, https:\/\/xn--suveniiridemjatejatootjateliit-gfda.ee\/wp-content\/uploads\/2020\/10\/01.08-300x277.png 300w, https:\/\/xn--suveniiridemjatejatootjateliit-gfda.ee\/wp-content\/uploads\/2020\/10\/01.08-768x709.png 768w\" sizes=\"auto, (max-width: 942px) 100vw, 942px\" \/><\/figure>\n\n\n\n<h3 class=\"wp-block-heading\">K\u00e4sit\u00f6\u00f6 &amp; Meenete m\u00fc\u00fck Eestis<\/h3>\n\n\n\n<p>01. august 2020<\/p>\n\n\n\n<div class=\"wp-block-button is-style-outline is-style-outline--2\"><a class=\"wp-block-button__link\" href=\"http:\/\/www.suveniirid.ee\/index.php?page=70&amp;action=article&amp;article_id=125\" style=\"border-radius:16px\" target=\"_blank\" rel=\"noreferrer noopener\">LOE L\u00c4HEMALT<\/a><\/div>\n<\/div><\/div>\n<\/div>\n\n\n\n<div class=\"wp-block-column is-layout-flow wp-block-column-is-layout-flow\">\n<div class=\"wp-block-group\"><div class=\"wp-block-group__inner-container is-layout-flow wp-block-group-is-layout-flow\">\n<figure class=\"wp-block-image alignfull size-large\"><img loading=\"lazy\" decoding=\"async\" width=\"942\" height=\"870\" src=\"https:\/\/xn--suveniiridemjatejatootjateliit-gfda.ee\/wp-content\/uploads\/2020\/10\/13.10.png\" alt=\"\" class=\"wp-image-68\" srcset=\"https:\/\/xn--suveniiridemjatejatootjateliit-gfda.ee\/wp-content\/uploads\/2020\/10\/13.10.png 942w, https:\/\/xn--suveniiridemjatejatootjateliit-gfda.ee\/wp-content\/uploads\/2020\/10\/13.10-300x277.png 300w, https:\/\/xn--suveniiridemjatejatootjateliit-gfda.ee\/wp-content\/uploads\/2020\/10\/13.10-768x709.png 768w\" sizes=\"auto, (max-width: 942px) 100vw, 942px\" \/><\/figure>\n\n\n\n<h3 class=\"wp-block-heading\">P\u00d5HIKIRI<\/h3>\n\n\n\n<p>13.10.2020<\/p>\n\n\n\n<div class=\"wp-block-file\"><a href=\"https:\/\/xn--suveniiridemjatejatootjateliit-gfda.ee\/wp-content\/uploads\/2021\/01\/Suveniiride-Muujate-ja-Tootjate-Liit-MTU\u0308-pohikiri.pdf\">Suveniiride-Muujate-ja-Tootjate-Liit-MTU\u0308-pohikiri<\/a><a href=\"https:\/\/xn--suveniiridemjatejatootjateliit-gfda.ee\/wp-content\/uploads\/2021\/01\/Suveniiride-Muujate-ja-Tootjate-Liit-MTU\u0308-pohikiri.pdf\" class=\"wp-block-file__button\" download>Laadi alla<\/a><\/div>\n\n\n\n<p><\/p>\n<\/div><\/div>\n\n\n\n<div class=\"wp-block-group\"><div class=\"wp-block-group__inner-container is-layout-flow wp-block-group-is-layout-flow\">\n<figure class=\"wp-block-image alignfull size-large\"><img loading=\"lazy\" decoding=\"async\" width=\"942\" height=\"870\" src=\"https:\/\/xn--suveniiridemjatejatootjateliit-gfda.ee\/wp-content\/uploads\/2020\/10\/12.05-1.png\" alt=\"\" class=\"wp-image-82\" srcset=\"https:\/\/xn--suveniiridemjatejatootjateliit-gfda.ee\/wp-content\/uploads\/2020\/10\/12.05-1.png 942w, https:\/\/xn--suveniiridemjatejatootjateliit-gfda.ee\/wp-content\/uploads\/2020\/10\/12.05-1-300x277.png 300w, https:\/\/xn--suveniiridemjatejatootjateliit-gfda.ee\/wp-content\/uploads\/2020\/10\/12.05-1-768x709.png 768w\" sizes=\"auto, (max-width: 942px) 100vw, 942px\" \/><\/figure>\n\n\n\n<h3 class=\"wp-block-heading\"><strong>Abi saavate ettev\u00f5tete hulgast puuduvad suveniirim\u00fc\u00fcjad?<\/strong><\/h3>\n\n\n\n<p>12 mai 2020<\/p>\n\n\n\n<div class=\"wp-block-button is-style-outline is-style-outline--3\"><a class=\"wp-block-button__link\" href=\"http:\/\/www.suveniirid.ee\/index.php?page=70&amp;action=article&amp;article_id=124\" style=\"border-radius:15px\" target=\"_blank\" rel=\"noreferrer noopener\">LOE L\u00c4HEMALT<\/a><\/div>\n<\/div><\/div>\n<\/div>\n<\/div>\n\n\n\n<figure class=\"wp-block-image alignwide size-large\"><img loading=\"lazy\" decoding=\"async\" width=\"1024\" height=\"472\" src=\"https:\/\/xn--suveniiridemjatejatootjateliit-gfda.ee\/wp-content\/uploads\/2020\/12\/IMG_20201227_152356-1024x472.jpg\" alt=\"\" class=\"wp-image-435\" srcset=\"https:\/\/xn--suveniiridemjatejatootjateliit-gfda.ee\/wp-content\/uploads\/2020\/12\/IMG_20201227_152356-1024x472.jpg 1024w, https:\/\/xn--suveniiridemjatejatootjateliit-gfda.ee\/wp-content\/uploads\/2020\/12\/IMG_20201227_152356-300x138.jpg 300w, https:\/\/xn--suveniiridemjatejatootjateliit-gfda.ee\/wp-content\/uploads\/2020\/12\/IMG_20201227_152356-768x354.jpg 768w, https:\/\/xn--suveniiridemjatejatootjateliit-gfda.ee\/wp-content\/uploads\/2020\/12\/IMG_20201227_152356-1536x708.jpg 1536w, https:\/\/xn--suveniiridemjatejatootjateliit-gfda.ee\/wp-content\/uploads\/2020\/12\/IMG_20201227_152356-2048x944.jpg 2048w, https:\/\/xn--suveniiridemjatejatootjateliit-gfda.ee\/wp-content\/uploads\/2020\/12\/IMG_20201227_152356-1200x553.jpg 1200w, https:\/\/xn--suveniiridemjatejatootjateliit-gfda.ee\/wp-content\/uploads\/2020\/12\/IMG_20201227_152356-1980x912.jpg 1980w\" sizes=\"auto, (max-width: 1024px) 100vw, 1024px\" \/><figcaption>Association of Souvenir Sellers and Manufacturers -\u0410\u0441\u0441\u043e\u0446\u0438\u0430\u0446\u0438\u044f \u041f\u0440\u043e\u0434\u0430\u0432\u0446\u043e\u0432\u0438 \u041f\u0440\u043e\u0438\u0437\u0432\u043e\u0434\u0438\u0442\u0435\u043b\u0435\u0439 C\u0443\u0432\u0435\u043d\u0438\u0440\u043e\u0432 &#8211; Suveniiride M\u00fc\u00fcjate ja Tootjate Liit (SMTL) Tallinn; Katusepapi 11; 11412<\/figcaption><\/figure>\n\n\n\n<div class=\"wp-block-group alignwide\"><div class=\"wp-block-group__inner-container is-layout-flow wp-block-group-is-layout-flow\">\n<h2 class=\"has-text-align-center has-accent-color has-text-color wp-block-heading\">\u201c<strong>Kui oli poliitiline otsus majandus seisma panna, siis on samuti poliitiline otsus seiskunud majandus j\u00e4lle k\u00e4ivitada<\/strong>.\u201d<\/h2>\n<\/div><\/div>\n\n\n\n<p class=\"has-drop-cap\">T<em><u>Turismisektorile<\/u>&nbsp;suunatud toetuste saajate hulgast puudusid suveniirim\u00fc\u00fcjad-tootjad ja k\u00e4sit\u00f6\u00f6ettev\u00f5tjad. Majandus-ja Kommunikatsiooniministeeriumi s\u00f5nul jagati toetusi ainult turismile otseselt omastele majandusharudele ja \u00fclalloetletud ettev\u00f5tjad puudusid toetuste saajate hulgast toetusmeetmete vahendite piiratuse t\u00f5ttu.<\/em><\/p>\n\n\n\n<p><em><u>Kultuuri- ja spordivaldkonna&nbsp;<\/u>kriisipaketist toetuste saajate hulgast puudusid k\u00e4sit\u00f6\u00f6- organisatsioonid -ettev\u00f5tjad ja -\u00fcrituste korraldajad. Kultuuriministeeriumi s\u00f5nul toetati eelk\u00f5ige kultuurivaldkonna riigiasutusi.<\/em><\/p>\n\n\n\n<p><em>06.07.2020 Tallinna vanalinn<\/em>:&nbsp;<strong>enamus suveniiripoode on suletud<\/strong>. Suletud poodidest enamus enam ei avagi. J\u00e4rgij\u00e4\u00e4nud poed t\u00f6\u00f6tavad vaid n\u00e4dalavahetustel. On aasta k\u00f5ige kuumem suvekuu, vanalinn on alati rahvast t\u00e4is, hetkel on linnas vaid \u00fcksikud turistid. M\u00fc\u00fcki pole, raha ja lootust, et j\u00e4tkata j\u00e4\u00e4b j\u00e4rjest v\u00e4hemaks.<br><em>06.07.2020 Suveniiride- ja k\u00e4sit\u00f6\u00f6tootjad<\/em>. Tellimusi pole, t\u00f6\u00f6d ei ole, enamus t\u00f6\u00f6lepinguid on l\u00f5petatud.&nbsp;<strong>Firmad t\u00fc\u00fcrivad pankrotti.<\/strong><br><em>06.07.2020 k\u00e4sit\u00f6\u00f6laatade ja -messide korraldajad<\/em>. On suur\u00fcrituste hooaeg, kehtivad piirangud ei v\u00f5imalda aga rahvakogunemisi. Neid ei ole ka kellelegi korraldada,<strong>&nbsp;kauplejad ja kliendid on \u00e4rahirmutatud<\/strong>, turiste pole.<br><br><em>Kultuuriministeeriumi \u00fclesanne on tagada rahvakultuuri v\u00e4\u00e4rtustamine, hoidmine, arendamine ja j\u00e4tkusuutlikkus.&nbsp;Rahvakultuuri valdkondadeks on muuseas:<br>* rahvuslik k\u00e4sit\u00f6\u00f6<br>* rahvuslik harrastustegevus<br>* avalikud rahvakultuuris\u00fcndmused<br>* rahvakultuurialane koolitus ja t\u00e4iend\u00f5pe<br><u>kriisipaketist toetuste saajad olid:<\/u><\/em><br><em>* muuseumid ja teatrid<br>* muusika- ja filmivaldkond<br>* spordivaldkond<br>* kujutav kunst ja disain<br>* loovisikud, koori- ja tantsujuhid<br><br>Majandus-ja Kommunikatsiooniministeeriumi s\u00f5nul on turismile otseselt omased majandusharud:<br>&nbsp;* k\u00fclastuskeskused ja muuseumid<br>&nbsp;* elamus ja aktiivse puhkuse pakkujad<br>&nbsp;* toitlustusettev\u00f5ted<br>&nbsp;* majutusettev\u00f5tted<br>&nbsp;* reisiettev\u00f5tted<\/em><\/p>\n\n\n\n<p>Kuidas on toitlustus, muuseumid, aktiivne puhkus otseselt turimiga seotud, suveniirim\u00fc\u00fcjad aga mitte?<br>Kas eestis on kultuur riigistatud, et toetatakse vaid riigi osalusega isikuid? Kui m\u00f5istlik on eesti kaasaja suurimas majanduskriisis jagada toetusi eelk\u00f5ige muuseumitele?<br><br>K\u00f5ik \u00fclaltoodud nimekirjas toetust saanud ettev\u00f5tted tegutsevad pigem kohalike meelelahutuse, -vabaaja veetmise ning siseturismi alal (erandina hotellid). V\u00e4listuristidega ei ole nad seotud.<br><br>\u2022 Kui piirid 13 m\u00e4rtsil 2020 suleti siis suveniiripoodide majandustegevus seiskus.<br>\u2022 Kui k\u00e4sit\u00f6\u00f6laadad ja -messid 13 m\u00e4rtsil 2020 keelati, siis nende korraldajate majandustegevus seiskus.<br>\u2022 Kui suveniiripoodide ja k\u00e4sit\u00f6\u00f6laatade majandustegevus 13 m\u00e4rtil seiskus, kaotasid oma t\u00f6\u00f6 ja sissetuleku ka k\u00f5ik suveniiri- ja k\u00e4sit\u00f6\u00f6tootjad.<br><br>Valitsus kehtestas 12 m\u00e4rtsil eriolukorra ja lubas majandust toetada. Poliitika, mille j\u00e4rgi otsustati, kellele kui palju anda on eba\u00f5iglane ja \u00fchiskonda l\u00f5hestav.<br><em>Terviseameti s\u00f5nul said k\u00f5ik (kriisi tekitanud) viiruses kannatajad meditsiinilist abi.<\/em><br>Majanduskriisis on aga abi valikuline, miks? Kas meditsiinis oleks aksepteeritav, et me J\u00fcrit ja Marit aitame, Jaani ja Juhanit mitte? Kus on v\u00f5rdne kohtlemine? Mille alusel tehti eelistused? Miks kriisiabi ei ole majanduslik aga on poliitiline?<br>EAS on oma tegevuses n\u00e4idanud \u00fcles soovimatust toetusi \u00fcldse jagada, tegevus, mis on olnud pigem pahatahtlik, kui abistav, frustreeriv, kui kriisiolukorda sobiv.<br>Kui ametnikud ei saa hakkama, siis nad kaotavad t\u00f6\u00f6. Kui poliitikud ei tule toime, siis neid enam ei valita, kas poliitikud ei peaks praegu oma valijatele m\u00f5tlema?<\/p>\n\n\n\n<p><em>K\u00e4sit\u00f6\u00f6- ja meenetootjad ei kuulu majanduse peavoolu<\/em>. Turismisektor on v\u00f5imaldanud sellel tugevalt rahvuslike tratsioonidega majandusalal ennast \u00e4ra toita ja tervikuna elama j\u00e4\u00e4da.<br><strong>\u00c4rgem unustagem, et k\u00f5ik suveniiripoed, olenemata asukohast v\u00f5i omaniku rahvusest, m\u00fc\u00fcvad eesti k\u00e4sit\u00f6\u00f6d ja eestis toodetud suveniire.<\/strong><\/p>\n\n\n\n<p>P\u00f5hjamaades on kohalikud vastavasisulised v\u00e4iketootjad v\u00e4ljasurnud. Kas peaks ka Eestis k\u00e4sit\u00f6\u00f6 v\u00e4lja surema? Kui palju meil \u00fcldse on vaja kohalikku? keelt, kultuuri, rahvast, majandust?<br><br>Kui oli poliitiline otsus majandus seisma panna, siis on samuti poliitiline otsus seiskunud majandus j\u00e4lle k\u00e4ivitada!<br><em>Suveniirim\u00fc\u00fcjad, eriti Tallinnas ja Virumaal on mitteeestlased<\/em>.<br>Neid on tuhandeid kes juba on oma t\u00f6\u00f6 kaotanud ja k\u00fcmneid tuhandeid lisaks kes t\u00f6\u00f6tasid madalapalgalistel t\u00f6\u00f6kohtadel mida enam ei ole. Kui suur hulk mitteeestlasi peaks korraga vaesuma, et see m\u00f5juks Eesti turvalisusele? Mis piirini me laseme nende lojaalsusel ja usaldusel eesti riigi ja juhtide vastu v\u00e4heneda, et kriis ei v\u00f5imenduks?<br>Inimesed kelle t\u00f6\u00f6lepingud on l\u00f5petatud ja kes on saanud l\u00f5pparved v\u00f5i koondamish\u00fcvitised peavad ehk m\u00f5ne kuu vastu, aga vaesem ja v\u00e4hem kindlustatud elanikkond kes t\u00f6\u00f6tasid muu kui t\u00f6\u00f6lepingu alusel ja kaotasid p\u00e4eva pealt t\u00f6\u00f6 ja sissetuleku. Kui t\u00f6\u00f6kohti tagasi tekkima ei hakka, kui ettev\u00f5tted on pankrotistunud, mis saab siis? Kas inimesed peaks tulema t\u00e4navale, et \u00f5iglust n\u00f5uda?<\/p>\n\n\n\n<p>Riigil on seadusega pandud kohustus kohelda isikuid v\u00f5rd\u00f5iguslikult, hoida \u00e4ra sotsiaalsed pinged, seista v\u00e4lis- ja siseturvalisuse eest, hoida kultuuri ja traditsioone.<br>Kriisides selgub, kes me tegelikult oleme. <strong>Tegelikult on Eesti valitsus k\u00e4itunud nagu halb isa, kes \u00fchte poega hoiab, teist aga mitte.<\/strong><\/p>\n\n\n\n<div class=\"wp-block-group alignwide has-background\" style=\"background-color:#ffffff\"><div class=\"wp-block-group__inner-container is-layout-flow wp-block-group-is-layout-flow\">\n<div class=\"wp-block-group\"><div class=\"wp-block-group__inner-container is-layout-flow wp-block-group-is-layout-flow\">\n<h2 class=\"has-text-align-center wp-block-heading\">ASTU LIIKMEKS! <br>Liitumine Sulle on TASUTA!<\/h2>\n\n\n\n<div class=\"wp-block-button aligncenter\"><a class=\"wp-block-button__link\" href=\"http:\/\/www.suveniirid.ee\/index.php?page=72\" target=\"_blank\" rel=\"noreferrer noopener\">LIITU SIIN<\/a><\/div>\n\n\n\n<p class=\"has-text-align-center\">                                                   <\/p>\n\n\n\n<p><\/p>\n\n\n\n<p class=\"has-text-align-center\">Kui liitumisvormi ei \u00f5nnestu t\u00e4ita saada liitumissoov vabas vormis: <strong><a href=\"mailto:info@suveniirid.ee\">info@suveniiridem\u00fc\u00fcjatejatootjateliit.ee<\/a><\/strong><\/p>\n<\/div><\/div>\n<\/div><\/div>\n\n\n\n<figure class=\"wp-block-image alignwide size-large\"><img loading=\"lazy\" decoding=\"async\" width=\"1024\" height=\"682\" src=\"https:\/\/xn--suveniiridemjatejatootjateliit-gfda.ee\/wp-content\/uploads\/2020\/10\/9834353153_f466392618_o-1024x682.jpg\" alt=\"\" class=\"wp-image-94\" srcset=\"https:\/\/xn--suveniiridemjatejatootjateliit-gfda.ee\/wp-content\/uploads\/2020\/10\/9834353153_f466392618_o-1024x682.jpg 1024w, https:\/\/xn--suveniiridemjatejatootjateliit-gfda.ee\/wp-content\/uploads\/2020\/10\/9834353153_f466392618_o-300x200.jpg 300w, https:\/\/xn--suveniiridemjatejatootjateliit-gfda.ee\/wp-content\/uploads\/2020\/10\/9834353153_f466392618_o-768x512.jpg 768w, https:\/\/xn--suveniiridemjatejatootjateliit-gfda.ee\/wp-content\/uploads\/2020\/10\/9834353153_f466392618_o-1536x1023.jpg 1536w, https:\/\/xn--suveniiridemjatejatootjateliit-gfda.ee\/wp-content\/uploads\/2020\/10\/9834353153_f466392618_o-1200x800.jpg 1200w, https:\/\/xn--suveniiridemjatejatootjateliit-gfda.ee\/wp-content\/uploads\/2020\/10\/9834353153_f466392618_o.jpg 1600w\" sizes=\"auto, (max-width: 1024px) 100vw, 1024px\" \/><\/figure>\n","protected":false},"excerpt":{"rendered":"<p>SMTL on kutsutud ellu, et kaitsta oma liikmete huve. Oma eesm\u00e4rkide saavutamiseks soovib SMTL teha koost\u00f6\u00f6d k\u00f5igiga. SMTL-i kuulub 01.01.22 seisuga 507 liiget. 10.12.2021 SMTL esindajad kohtusid Tallinna Linnapea Mihhail K\u00f5lvartiga 19.09.2021 Suveniiriliit v\u00f5eti Vanalinna Ettev\u00f5tjate \u00dchingu liikmeks 18.08.2021 SMTL esindajad kohtusid Tallinna Abilinnapea Aivar Riisaluga 8.08.2021 SMTL esindajad kohtusid Ettev\u00f5tlus- ja infotehnoloogiaminister Andres Suttiga [&hellip;]<\/p>\n","protected":false},"author":1,"featured_media":0,"parent":0,"menu_order":0,"comment_status":"closed","ping_status":"closed","template":"","meta":{"footnotes":""},"class_list":["post-18","page","type-page","status-publish","hentry"],"_links":{"self":[{"href":"https:\/\/xn--suveniiridemjatejatootjateliit-gfda.ee\/index.php?rest_route=\/wp\/v2\/pages\/18","targetHints":{"allow":["GET"]}}],"collection":[{"href":"https:\/\/xn--suveniiridemjatejatootjateliit-gfda.ee\/index.php?rest_route=\/wp\/v2\/pages"}],"about":[{"href":"https:\/\/xn--suveniiridemjatejatootjateliit-gfda.ee\/index.php?rest_route=\/wp\/v2\/types\/page"}],"author":[{"embeddable":true,"href":"https:\/\/xn--suveniiridemjatejatootjateliit-gfda.ee\/index.php?rest_route=\/wp\/v2\/users\/1"}],"replies":[{"embeddable":true,"href":"https:\/\/xn--suveniiridemjatejatootjateliit-gfda.ee\/index.php?rest_route=%2Fwp%2Fv2%2Fcomments&post=18"}],"version-history":[{"count":113,"href":"https:\/\/xn--suveniiridemjatejatootjateliit-gfda.ee\/index.php?rest_route=\/wp\/v2\/pages\/18\/revisions"}],"predecessor-version":[{"id":644,"href":"https:\/\/xn--suveniiridemjatejatootjateliit-gfda.ee\/index.php?rest_route=\/wp\/v2\/pages\/18\/revisions\/644"}],"wp:attachment":[{"href":"https:\/\/xn--suveniiridemjatejatootjateliit-gfda.ee\/index.php?rest_route=%2Fwp%2Fv2%2Fmedia&parent=18"}],"curies":[{"name":"wp","href":"https:\/\/api.w.org\/{rel}","templated":true}]}}